se -17*c + 102 = -x*c. What is the units digit of c?
1
Suppose -3*a - a = b - 188, b - a = 213. Let s be b/56 - 4/(-14). Suppose -86 - 58 = -s*f. What is the tens digit of f?
3
Suppose 1195*q = 1193*q + 5476. What is the units digit of q?
8
Suppose 3*y = y + 436. Suppose -y = -2*t - 2*f + 7*f, 4*t - 3*f = 422. What is the tens digit of t?
0
Let b = 961 + -537. Suppose -3*v + 7*v - b = 0. What is the hundreds digit of v?
1
Suppose -20 = -12*o + 10*o. Suppose 0 = i + i - o. Suppose i*c = -2*s + 9, -3*s + 46 + 25 = -4*c. What is the tens digit of s?
1
Let r(h) = h**2 + 21*h + 101. What is the hundreds digit of r(16)?
6
Suppose -2*a + 7 = -1. Suppose 0 = 4*v - 4*u + 8*u + 12, 2*v - 24 = a*u. Suppose 4*h - 10 + v = 0. What is the units digit of h?
2
Suppose -2*v - 4*f - 14 = -0*f, -3*v = 5*f + 16. Suppose v*y - 22 = y. Let w = y + 29. What is the tens digit of w?
4
Let v(t) = 98*t**3 - 6*t**2 + 12*t - 10. What is the thousands digit of v(4)?
6
Suppose -j - j + 10 = 0, j = -5*y + 60. Let p = -9 + y. Let m(a) = 2*a**2 - 2*a. What is the units digit of m(p)?
4
Let t(u) = -6*u + 6. Let k(f) = -f**3 + 5*f**2 - 2*f - 5. Let l be k(4). Suppose 24 = -7*i + l*i. What is the tens digit of t(i)?
4
Let a be 2 - 1 - -218 - -1. What is the hundreds digit of (-20 + 19)/(a/221 - 1)?
2
Suppose 0 = 9*w - 6946 - 2558. What is the units digit of w?
6
Let d = -9 + -16. Suppose 5*t + 31 = -59. Let b = t - d. What is the units digit of b?
7
Suppose 4*j = -r + 12, 0*j = -r - 5*j + 14. Let k be (5/2)/(r/8). What is the units digit of (-4)/20 - (-26)/k?
5
Suppose 4*y - 2*o = -4, -y + 3*o = 2*o. Suppose -4*n - 2*c = 32, 2*c - 5*c + 12 = -4*n. What is the units digit of y/1 - 84/n?
2
Suppose 0 = -o - 4, 2*s - 4*s = 3*o + 88. Let u = 120 + s. What is the tens digit of u?
8
Let m be 68 - (-6)/(-3)*1. Suppose -z = -2*z + m. Suppose -4*j = -z + 14. What is the units digit of j?
3
Suppose 45*l - 4343 = 20632. What is the units digit of l?
5
What is the units digit of -5 - -586 - 50/(-10)?
6
Let n be -3 - 77*(-1)/(-1). Let j = -47 - n. What is the tens digit of 266/11 - 6/j?
2
Let u = -10 + 8. What is the hundreds digit of (-8392)/(-56) - -1*u/(-14)?
1
Let f = 377 + -199. Suppose -3*r = -5*r + f. What is the units digit of r?
9
Suppose -4*w = -9*w + 4*w. Let t(a) = -26*a + 8. Let b be t(-8). Suppose 2*f = 2*j - 0*j + 102, w = -4*f + j + b. What is the tens digit of f?
5
Suppose 881 = 4*v - 899. What is the units digit of v?
5
Let t(a) = 2*a - 15. Let g be t(12). Let o be g*4/4 - 4. Suppose 3*b = -z - 2*z + 114, -o*z = -2*b + 41. What is the units digit of b?
3
Suppose 0 = -4*h + j + 2767, -2*h - 4*j + 275 = -1131. What is the units digit of h?
3
Let b = 2888 + -1915. What is the hundreds digit of b?
9
Suppose 5*t - 12 = t + 4*q, -5*t - 3*q - 9 = 0. Let z(n) = t + 3*n - 1 + 3*n**2 + 0 - 1. What is the tens digit of z(-4)?
3
Suppose -3*r + 12 = -7*r. Let a be (-1)/(-2 - r)*-4. Suppose -a*c - 4 = -5*c. What is the units digit of c?
4
Let p(h) be the first derivative of -h**4/4 - 2*h**3/3 + 2*h**2 + 5*h + 1. Let r(q) = -q**2 - 6*q + 3. Let l be r(-7). What is the units digit of p(l)?
1
Let k(z) be the third derivative of -z**6/120 + 11*z**5/30 + 29*z**4/24 - z**3/6 + 9*z**2. What is the hundreds digit of k(23)?
1
Let n = 269 + -265. Let d(z) be the first derivative of z**4/4 - 4*z**3/3 - z**2/2 + 5*z - 1. What is the units digit of d(n)?
1
Let h(g) = 3*g - 4. Let t be h(4). Suppose -t*m + 3*m = -260. What is the units digit of m?
2
Suppose -37*u = -13*u - 20856. What is the tens digit of u?
6
Suppose -41*n - 18112 = -48698. What is the units digit of n?
6
Let h(d) = -d**3 - 14*d**2 + 12*d - 10. Let o be h(-15). Let q(v) = -v - 17. Let c be q(-9). Let z = o + c. What is the units digit of z?
7
Let s = -15 - -18. Suppose -19 = -s*z - 1. Suppose z*h - 93 = 3*h. What is the tens digit of h?
3
Suppose 34*c = 31*c + 75. Let b be 1/3 + 33/9. Suppose 5*x + n - 117 = x, -c = -x + b*n. What is the tens digit of x?
2
Let r be 111 - -1*0/4. Let l = 196 - r. What is the units digit of l?
5
Suppose -3*r - 8*s = -3*s - 97, r = -2*s + 33. What is the tens digit of r?
2
Suppose 4*x - 3*f = 176, 5*x - 2*f - 287 + 74 = 0. Suppose b - 2 = 3. Suppose 2*u = -4*j + 46, -b*j + 30 = -2*u - x. What is the tens digit of j?
1
Let l(v) be the first derivative of v**4/4 + v**3/3 + v**2/2 - 30*v - 2. Let p be l(0). What is the units digit of -1 + ((-3)/3 - p)?
8
Let o = 25 + -19. Suppose o = -3*t, 3*w + w - 2*t = 368. Let c = w - 63. What is the units digit of c?
8
Let z = -69 + 73. Suppose 7 = d + 2*l, -z*d - 4*l = -22 - 22. What is the units digit of d?
5
Let w = 43 - 26. Let x = w - -11. Suppose 3*m - 4*m + x = 0. What is the tens digit of m?
2
Let l = -6 - -2. Let o = 4 + l. Suppose 3*i = 15, 5*i = -3*r - o*i + 43. What is the units digit of r?
6
Let d(t) = 190*t**3 - 4*t**2 - 8*t + 20. What is the units digit of d(2)?
8
Let h(v) = -12*v**2 - 10*v**2 + 23*v**2 - 11. Let m be h(-6). Let x = 29 - m. What is the units digit of x?
4
Let v = 4977 - 413. What is the tens digit of v?
6
Suppose 126 = -i - 314. Let k = -236 - i. What is the tens digit of k?
0
What is the hundreds digit of (-705)/(-6*(-3)/(-108))?
2
Let l be 175*(2 + 12/(-5)). Let c = 50 + l. Let d = 25 + c. What is the units digit of d?
5
Let i be (1 + -1)/(10/(-10)). What is the units digit of (24 - -1)*(-4)/(i + -4)?
5
Suppose 4789 = 39*d - 82103. What is the units digit of d?
8
Let n(m) = 8*m**2 + m**3 + 2*m - 3 - 9*m - 2*m. Let g be n(-9). What is the units digit of (-131)/(-6) + g/(-18)?
2
Suppose 7 = 2*c + 9. Let x be (c - (-8)/4)*-47. Let g = x - -77. What is the tens digit of g?
3
Let i(r) = r**2 + 2*r - 2. Let s be i(-4). What is the units digit of 3/s - (-278)/4?
0
Let k(g) = 6*g**3 - 13*g**2 + 4*g - 24. What is the tens digit of k(6)?
2
Let l = -11 + 20. Suppose o - l = -2. What is the units digit of 10*(-1 - o/(-2))?
5
Let f be -2*(-9)/(36/(-8)). Let r(x) = -3*x - 10. Let s be r(f). Suppose 5*u = 4*i + 53, -u + 6*i - s*i = -17. What is the units digit of u?
9
Let f = -30 - -65. Let u = 183 + -213. Let y = u + f. What is the units digit of y?
5
Suppose 466*k = 457*k + 9387. What is the hundreds digit of k?
0
Let r = -56 - -81. Let v = r + -59. Let p = -7 - v. What is the units digit of p?
7
Let g = -190 + 163. Suppose -2*y = -5*y + 186. Let p = g + y. What is the tens digit of p?
3
Let u = -693 - -993. What is the units digit of u?
0
Let a = 33 + -36. What is the units digit of (-16)/a*84/8?
6
Let m = 17 + 198. What is the units digit of m?
5
Suppose x = -x - 34. Let y(h) = -6*h - 10. Let m be y(x). Let j = m - 51. What is the units digit of j?
1
Let q be (1 + 18)/(-1 + 0). Let v be (-53 - -47) + 6 + 1. What is the tens digit of (0 + 2)*v - q?
2
Suppose -2*a = -4*l + 26, a = -5*l - 8 + 23. What is the units digit of l?
4
Suppose -651 = 5*v - 761. Suppose 4*k + 51 = -9. Let p = v + k. What is the units digit of p?
7
Let a be 5*(5 + -4)*(-26)/(-1). Let w = a + 105. What is the tens digit of w?
3
Let j = -205 - -588. What is the hundreds digit of j?
3
Suppose 3*m = j - 0*m - 2, 0 = j + 2*m + 3. Let p be j + (-17 - 3)/4. Let k(y) = -3*y - 9. What is the units digit of k(p)?
9
Let d be 2/(-12) + 20517/(-18). Let f be d/(-18)*12/10. Suppose 5*u - f = 34. What is the tens digit of u?
2
What is the hundreds digit of ((-1914)/(-8))/(45/120)?
6
Suppose 20 = 2*k - 5*y, k + 2*y + 3*y = -20. Let b = 5 - 3. Suppose 5*c + b - 22 = k. What is the units digit of c?
4
Suppose -2074 = 5*p - 2854. What is the units digit of p?
6
Let r(o) = 6*o**2 - 9*o - 6. What is the tens digit of r(-5)?
8
Suppose 0 = w - 108 - 4. Suppose 5*j + w = 7*j. What is the tens digit of j?
5
Let q(o) = o**3 - 13*o**2 - 23*o + 34. Suppose -3*z - 4*u + 29 = 0, -2*u - 13 - 25 = -2*z. What is the hundreds digit of q(z)?
1
Let g(j) = 106*j + 43. Let z(n) = 53*n + 21. Let x(r) = 2*g(r) - 5*z(r). Let q(p) = 27*p + 10. Let o(u) = 11*q(u) + 6*x(u). What is the tens digit of o(-4)?
8
Suppose 0 = 4*r + 16, 5*p + r - 77 = 414. Let u(b) = -12*b + 24. Let c be u(6). Let v = c + p. What is the units digit of v?
1
Suppose -5*a + 2*g - 856 = -11*a, -5*a + 2*g = -717. What is the hundreds digit of a?
1
Let g be (-1)/1*(-3 - -2). Let m be -1*g*(-11 + 8). Suppose -2*w - 31 = -m*w. What is the tens di